. Determine r(5).
-57
Let f(k) = -3*k - 17. Determine f(0).
-17
Let x(d) = -d**2 - 9*d - 31. Give x(-16).
-143
Let n(m) = -m**3 + 7*m**2 - 5*m + 8. Determine n(6).
14
Let g(k) = -11*k**3 - 8*k**2 - 17*k - 10. What is g(-1)?
10
Let r(i) = -i + 6. Calculate r(19).
-13
Let u(w) = 2*w - 50. Give u(-14).
-78
Let h(o) = 6*o. What is h(-2)?
-12
Let c(z) = z**2 + 4*z - 7. What is c(0)?
-7
Let f(x) = x**2 + 18*x - 18. What is f(1)?
1
Let b(l) = -5*l - 1. Determine b(-5).
24
Let n(l) = -6*l**2 + 16*l + 5. Calculate n(4).
-27
Let c(a) = -a - 4. What is c(-2)?
-2
Let b(o) = -o**3 - o**2 + 5*o + 6. Calculate b(-2).
0
Let k(z) = -z**2 - 28*z + 162. Determine k(-33).
-3
Let b(k) = -k**2 - 7*k - 6. Determine b(-8).
-14
Let y(w) = 4*w**2 + w. Give y(3).
39
Let g(w) = 17*w + 142. What is g(-9)?
-11
Let i(p) = -3*p + 12. Determine i(7).
-9
Let k(i) = -i**2 + 4*i + 9. Determine k(4).
9
Let a(x) = -3*x - 17. What is a(-7)?
4
Let c(b) = b**2 + 6*b + 2. Calculate c(-7).
9
Let y(q) = -12*q - 66. Calculate y(-7).
18
Let w(m) = m**3 - 5*m**2 - 2*m + 8. What is w(4)?
-16
Let f(h) = -h**2 - 3*h + 10. What is f(-6)?
-8
Let b(o) = o**2 - 24*o - 56. Determine b(26).
-4
Let a(m) = -m**3 + 7*m**2 - m + 1. What is a(6)?
31
Let r(t) = 2*t**3 - 7*t**2 - 6*t + 19. Determine r(3).
-8
Let y(i) = -i + 3. Determine y(-7).
10
Let p(s) = -4*s - 44. What is p(-12)?
4
Let i(t) = -2*t**2 + 11*t + 74. What is i(-4)?
-2
Let n(j) = 6*j + 40. What is n(-9)?
-14
Let f(n) = -n**2 - 24*n - 53. Calculate f(-21).
10
Let t(n) = n**2 + n - 4. Calculate t(2).
2
Let f(u) = u**2 - 12*u + 2. What is f(14)?
30
Let p(l) = 6*l + 130. Give p(-21).
4
Let y(f) = f**3 - 5*f**2 - 12*f - 97. What is y(8)?
-1
Let i(m) = m**3 - 2*m - 3. What is i(-3)?
-24
Let s(v) = v**2 - 3*v - 2. What is s(6)?
16
Let r(f) = -f**3 + 6*f**2 - 7*f + 1. What is r(4)?
5
Let y(d) = -2*d**3 + 62*d**2 - 63*d + 72. What is y(30)?
-18
Let u(h) = 6*h + 46. Calculate u(-8).
-2
Let w(f) = 3*f**2 - 4*f - 1. Give w(2).
3
Let n(p) = 9*p - 28. Give n(12).
80
Let v(z) = z**3 - 2*z**2 - 3*z - 12. Determine v(0).
-12
Let q(u) = 12*u - 12. Determine q(9).
96
Let z(i) = i**3 + 4*i**2 + i - 16. Calculate z(-3).
-10
Let j(l) = l**2 + 4*l - 3. What is j(-5)?
2
Let d(g) = 59*g - 471. Calculate d(8).
1
Let v(n) = -2*n. Calculate v(-3).
6
Let x(m) = -3*m + 14. Calculate x(5).
-1
Let m(y) = 3*y - 20. Give m(14).
22
Let c(k) = k**3 - 4*k**2 + 6*k - 3. What is c(3)?
6
Let m(y) = -3*y + 17. What is m(4)?
5
Let c(h) = -8*h**3 + h**2 + h - 1. What is c(1)?
-7
Let h(q) = -q**2 - 3*q + 7. What is h(-5)?
-3
Let m(t) = t + 4. Determine m(-6).
-2
Let h(w) = w**2 + 4*w - 3. Calculate h(-5).
2
Let x(t) = t**2 - t. What is x(0)?
0
Let i(q) = 3*q + 40. Calculate i(-16).
-8
Let q(t) = 5*t - 1. Give q(1).
4
Let z(f) = f**3 - 9*f**2 + 8*f - 6. Calculate z(8).
-6
Let t(w) = -w**2 + 33*w - 11. Calculate t(29).
105
Let w(b) = -10*b + 37. Calculate w(4).
-3
Let s(x) = -6*x + 7. Give s(-7).
49
Let a(m) = m**3 + 32*m**2 - 65*m + 45. Give a(-34).
-57
Let y(a) = a**3 - 13*a**2 - 15*a + 14. Give y(14).
0
Let j(d) = 6*d - 26. Determine j(5).
4
Let f(m) = m**3 + 5*m**2 + 10. Determine f(-5).
10
Let a(s) = s**2 - 11*s + 14. Determine a(6).
-16
Let z(w) = w**2 - 3*w + 5. What is z(5)?
15
Let f(d) = -d**3 + d**2 - d - 2. Give f(-3).
37
Let n(u) = -5*u - 45. Give n(-8).
-5
Let y(b) = 53*b - 1. Calculate y(1).
52
Let y(i) = -16*i + 4. What is y(-4)?
68
Let l(m) = m**2 + 6*m - 4. Calculate l(-5).
-9
Let m(y) = -y**3 + 19*y**2 + 38*y + 76. Calculate m(21).
-8
Let c(a) = -2*a + 2. What is c(-2)?
6
Let z(k) = -2*k**2 + 4*k + 42. Determine z(6).
-6
Let g(q) = 2*q**2 + 12*q - 11. Determine g(-7).
3
Let v(z) = -6*z**2 - 4*z - 3. Determine v(-2).
-19
Let m(h) = -h**3 + 2*h**2 + 7*h + 2. Calculate m(5).
-38
Let t(d) = -16*d - 17. What is t(5)?
-97
Let m(g) = g**2 - 3*g - 7. Give m(0).
-7
Let h(t) = -t**2 + t + 6. Determine h(4).
-6
Let d(u) = 2*u**2 - 29*u - 15. Give d(9).
-114
Let d(n) = 5*n**2 - 2*n - 11. Give d(5).
104
Let s(d) = -2*d**3 + 2*d**2 - 3*d - 3. Calculate s(3).
-48
Let z(o) = o**3 - 48*o**2 + 45*o + 97. What is z(47)?
3
Let q(s) = -2*s - 8. What is q(-6)?
4
Let g(b) = -3*b**3 + 20*b**2 + 3*b + 16. Give g(7).
-12
Let l(v) = -v**3 + 5*v**2 + 4*v - 17. Calculate l(5).
3
Let n(b) = 23*b - 45. Calculate n(3).
24
Let x(t) = -t**2 + 2*t + 4. What is x(0)?
4
Let t(d) = 2*d**2 - 77*d + 23. Calculate t(38).
-15
Let u(y) = -5*y - 6. Give u(-9).
39
Let j(n) = -n**2 + 25*n - 96. Give j(5).
4
Let g(v) = v**3 + 3*v**2 - 4*v. Calculate g(-5).
-30
Let k(a) = -a**3 + 10*a**2 - 2*a - 3. Calculate k(10).
-23
Let s(y) = 2*y + 1. Give s(1).
3
Let q(i) = -6*i**2 + 46*i + 7. Calculate q(8).
-9
Let p(a) = a - 39. Give p(14).
-25
Let y(m) = 7*m - 11. What is y(5)?
24
Let p(h) = -h**2 - h. What is p(1)?
-2
Let f(o) = -7*o - 44. Give f(-8).
12
Let b(t) = -22*t - 2. What is b(2)?
-46
Let x(v) = v**3 - 15*v**2 + 14*v - 8. Determine x(14).
-8
Let v(h) = -h**3 + 7*h**2 + 5. Calculate v(8).
-59
Let s(r) = -2*r**3 - r**2 + 2*r - 1. What is s(2)?
-17
Let d(x) = -2*x**2 + 6*x + 5. Determine d(-4).
-51
Let q(c) = -80*c + 801. Give q(10).
1
Let d(q) = q**2 + 10*q + 27. Give d(-6).
3
Let d(a) = a**2 - 17*a - 53. Give d(19).
-15
Let x(k) = 9*k + 3. What is x(-1)?
-6
Let j(r) = r - 11. Give j(8).
-3
Let c(r) = r**2 - 13*r - 8. Give c(6).
-50
Let l(f) = 5*f - 6. Calculate l(6).
24
Let g(t) = t**3 + 23*t**2 + 22*t + 7. Calculate g(-22).
7
Let k(g) = 3*g**2 + 5*g + 2. What is k(-3)?
14
Let b(s) = -s**2 + 9*s + 40. Give b(15).
-50
Let g(r) = r**3 - 10*r**2 - 2*r + 6. Determine g(10).
-14
Let g(d) = -3*d**2 + 8*d - 4. What is g(5)?
-39
Let a(q) = -7*q + 11. What is a(4)?
-17
Let f(s) = s**3 + 7*s**2 - 3. Calculate f(-7).
-3
Let a(p) = -p**3 - 21*p**2 - p - 22. Determine a(-21).
-1
Let c(n) = -6*n - 40. Calculate c(-6).
-4
Let z(v) = 41*v - 160. Calculate z(4).
4
Let x(g) = g**2 + 12*g - 11. Calculate x(-12).
-11
Let p(r) = -r**3 - 10*r**2 + 12*r + 12. Determine p(-11).
1
Let f(z) = 35*z + 18. Give f(-1).
-17
Let i(q) = -6*q + 54. What is i(8)?
6
Let o(a) = 4*a**3 + 4*a**2 + a - 1. What is o(-3)?
-76
Let i(y) = -y**3 + 6*y**2 + 16*y + 6. Determine i(8).
6
Let z(c) = -11*c**3 - 4*c**2 - 3*c - 4. Calculate z(-2).
74
Let u(g) = 4*g + 53. Give u(-16).
-11
Let i(y) = 2*y**2 + 13*y + 12. Calculate i(-6).
6
Let n(w) = w**3 - 7*w**2 - 9*w - 7. What is n(8)?
-15
Let j(z) = z**2 - 4*z + 4. Give j(3).
1
Let t(h) = -2*h**3 + 4*h**2 + 1. Calculate t(3).
-17
Let n(b) = -3*b - 3. Determine n(10).
-33
Let c(u) = -10*u - 2. Calculate c(1).
-12
Let w(r) = 28*r + 3. What is w(-3)?
-81
Let p(c) = c**3 - 5*c**2 + 2*c - 4. What is p(5)?
6
Let i(x) = -4*x - 6. Give i(8).
-38
Let r(b) = 2*b**2 - 18*b + 16. Calculate r(9).
16
Let l(b) = -b**2 - 10*b + 7. Calculate l(-8).
23
Let a(p) = -4*p**2 - 5*p. Calculate a(2).
-26
Let p(g) = -g**3 - 7*g**2 - 10*g - 22. Determine p(-6).
2
Let o(y) = y**2 - y + 1. What is o(-2)?
7
Let c(w) = 7*w + 58. Determine c(-8).
2
Let d(l) = -5*l**2 + 95*l + 3. Give d(19).
3
Let y(a) = -a**3 - 3*a**2 + 10*a + 8. Calculate y(-4).
-16
Let r(q) = -q**2 - 3*q + 7. What is r(-4)?
3
Let a(g) = -g - 4. Give a(-3).
-1
Let d(w) = -w**3 - w**2 + 27*w - 4. Determine d(-7).
101
Let d(w) = 5*w**2 + 8*w - 89. Determine d(-5).
-4
Let c(p) = -7*p + 38. Determine c(8).
-18
Let a(t) = -58*t**2 + 176*t + 4. Calculate a(3).
10
Let g(n) = 4*n + 2. Give g(3).
14
Let u(v) = 23*v**2 + 208*v - 6. Give u(-9).
-15
Let h(y) = -y**3 - 11*y**2 - 10*y - 5. Determine h(-10).
-5
Let n(m) = -3*m**2 - 110*m + 771. What is n(6)?
3
Let z(c) = -8*c + 7. Give z(-2).
23
Let p(a) = a**3 - 2*a**2 - 5*a - 1. What is p(3)?
-7
Let a(u) = u**3 + 4*u**2 - 10*u + 5. Determine a(-6).
-7
Let f(t) = 13*t - 44. Calculate f(3).
-5
Let u(t) = -7*t**3 - t**2 - 2*t - 2. Calculate u(-1).
6
Let l(p) = 2*p - 7. What is l(3)?
-1
Let w(b) = -7*b + 56. Calculate w(8).
0
Let i(x) = 15*x**2. Determine i(1).
15
Let l(w) = w**3 - 2*w**2 - 5*w + 3. What is l(4)?
15
Let t(c) = c**2 - 36*c + 69. Calculate t(34).
1
Let y(g) = -g**2 - 9*g + 2. What is y(-10)?
-8
Let o(r) = -32*r - 539. Determine o(-17).
5
Let d(y) = 5*y. Give d(11).
55
Let u(q) = 14*q - 4. What is u(4)?
52
Let y(z) = z**3 + 9*z**2 - 2*z - 15. What is y(-9)?
3
Let s(k) = k**3 - 4*k**2 + 2*k + 4. Calculate s(3).
1
Let f(m) = -20